 and d.
11
Let h be (-372)/(-8) - 2 - 4/(-8). What is the greatest common factor of h and 5?
5
Let r be 44/(-4)*(1 - 2). What is the highest common factor of r and 44?
11
Let d = 38 + -20. Calculate the greatest common divisor of d and 144.
18
Suppose -3 = -4*d + 13. Calculate the greatest common divisor of d and 2.
2
Let q = -22 - -142. Suppose 4*i + i = q. Calculate the highest common factor of 12 and i.
12
Let r = 9 - 5. Suppose -v + r = v. Suppose 0 = -f + v*b + 140, 3*b - 107 = -f + 33. Calculate the highest common factor of 14 and f.
14
Let i(r) = 3*r - 3. Let m be i(3). What is the highest common factor of 15 and m?
3
Let v = 44 - 37. Calculate the greatest common factor of v and 21.
7
Suppose -h + 2 = 4. Let k be (h + 0)/2*-2. What is the highest common divisor of 10 and k?
2
Suppose 0 = -13*m + 12*m + 7. Let j(q) = -13*q - 1. Let o be j(-6). What is the greatest common divisor of m and o?
7
Let f(j) = j**2 + 4*j - 4. Let w be f(2). Calculate the greatest common divisor of w and 8.
8
Let r(o) = -o**3 - 6*o**2 - 6*o. Let g be r(-5). Let f = 15 - g. Let k = 14 + 76. Calculate the greatest common factor of k and f.
10
Suppose 10*k - 5 = -5*l + 5*k, l + 9 = -3*k. Calculate the highest common factor of l and 126.
6
Let n = 3 - -6. Let a(w) = 2*w - 11. Let c be a(n). What is the highest common factor of 1 and c?
1
Let k = -386 + 450. Let w = -8 - -16. Calculate the highest common divisor of w and k.
8
Suppose -5*o = -3*o - 196. Calculate the greatest common factor of o and 14.
14
Let b be -2 - (-1)/(1/59). Suppose -3*g + b + 216 = 0. Suppose -r = 3*i - 36, -5*i + 50 = -0*r + 5*r. What is the highest common factor of g and i?
13
Suppose p + 132 = 7*p. Calculate the highest common divisor of 55 and p.
11
Suppose 6*w - 7 = 11. What is the greatest common factor of w and 3?
3
Suppose -3*s + 12 = 4*r, -r + 4*s = -0*s - 22. Calculate the highest common factor of r and 24.
6
Let s = -51 - -69. Suppose -6*v + 3*v + 216 = 0. Calculate the greatest common factor of v and s.
18
Let n(f) = -f**3 + 17*f**2 + f. Let u be n(17). Calculate the greatest common divisor of u and 17.
17
Suppose 3*k - 14 = -4*b, 5*b + 5*k - 11 - 4 = 0. What is the highest common factor of 35 and b?
5
Let k be -12*(4/2)/4. Let f(i) = -i + 6. Let y be f(k). Calculate the highest common divisor of 60 and y.
12
Suppose -x = -13 + 9. What is the greatest common factor of x and 12?
4
Let g(u) = u - 1. Let b be g(5). Let x = 36 + -21. Let t = x + -3. What is the greatest common factor of b and t?
4
Let d be (0 - 1)*4/2. Let y = 15 + d. Calculate the highest common divisor of 78 and y.
13
Suppose 0*y - 4*y + 96 = 0. Suppose 74 - 10 = -3*q - 5*r, 5*r = 3*q + 14. Let g = q - -21. What is the greatest common factor of y and g?
8
Let g be (-120)/32*8/3. Let q(i) = 11*i + 12. Let z(x) = -x - 1. Let s(o) = -q(o) - 2*z(o). Let r be s(g). Calculate the greatest common divisor of 10 and r.
10
Let a = -82 + 96. Let t be 6/((-1)/(4/(-3))). Let v be (-20)/8*t/(-10). Calculate the greatest common divisor of a and v.
2
Let r = 51 + -16. Suppose -2*b = -4*b - a + 19, 4*b - a - r = 0. What is the greatest common divisor of 3 and b?
3
Suppose 7*d = 2*d - 230. Let k = 115 + d. What is the greatest common factor of 46 and k?
23
Suppose -2*g = 2*y - 16, -2*y - 3*g = -7 - 14. Suppose 0 = -4*q - 4, 2*j - 23 = -0*j + y*q. Calculate the greatest common factor of j and 10.
10
Suppose -4*s + 3*s - 4*a = -7, 6 = s + 5*a. What is the greatest common factor of 1 and s?
1
Let b = 8 - 1. Suppose 5 = -2*i + 5*d + 22, -5*i + d + 100 = 0. What is the highest common divisor of i and b?
7
Let q(z) = z**2 + 4. Let b be q(0). Suppose 0 = 5*w - 5*r - 35, -r + 17 = b*w - 36. Calculate the greatest common factor of w and 3.
3
Suppose g - 8 - 13 = 0. Let k = g + -16. Calculate the highest common divisor of 5 and k.
5
Let a = -8 + 11. Let d be 2/a*(-12)/(-8). Let x be 1 + 2 - -34 - d. Calculate the greatest common factor of 54 and x.
18
Suppose -5*u = -133 - 27. What is the greatest common factor of 4 and u?
4
Let g = -36 - -188. Let i = g - 26. What is the highest common divisor of 14 and i?
14
Let k = -12 + 29. What is the highest common divisor of 17 and k?
17
Let f(w) = w**3 - 6*w**2 + 3*w + 4. Let p be f(6). Let t be 4/p + 1182/33. What is the highest common factor of 4 and t?
4
Suppose 0 = 2*j - 4*j + 380. Suppose t - 4*l - 85 = 0, 0*t + j = 2*t - 4*l. What is the highest common divisor of 15 and t?
15
Suppose -2*m = m + 39. Let t = -7 - m. Suppose -2*y = -3*y + t. What is the highest common divisor of 6 and y?
6
Suppose k + 65 = 5*o + 2*k, 3*k = -3*o + 27. What is the greatest common divisor of o and 28?
14
Let c = 8 - 11. Let h be 42/(c/(-1)) + -1. Calculate the greatest common divisor of h and 91.
13
Let b(c) = -c**2 + 6*c - 6. Let t = 1 - -3. Let v be b(t). Calculate the greatest common factor of 2 and v.
2
Let n(z) = -42*z**3 - z**2. Let v be n(-1). Suppose 5*d - v = -4*f + 24, 4*d = 3*f - 10. What is the greatest common divisor of 10 and f?
10
Suppose -2*x + 37 = -5*u, -3 = -3*x - 0*x - 3*u. What is the highest common factor of x and 6?
6
Let j = -11 - -53. Calculate the greatest common divisor of 70 and j.
14
Let c = 5 - 7. Let q(b) = -13*b + 2. Let i be q(c). Calculate the greatest common factor of 14 and i.
14
Let c = -6 - -36. Suppose -b + c = 4*b. Suppose 7*u - 4*u - 2*d = 14, -u = 4*d - 14. What is the greatest common factor of b and u?
6
Let a = 14 + 41. Calculate the greatest common factor of a and 22.
11
Let n(t) = 4*t**2 - t + 2. Let z be n(3). Suppose 4*y - 17 = 3. Calculate the highest common factor of z and y.
5
Suppose 0 = x + 5*b + 17 - 0, -3 = b. Let d be x/14 + (-422)/(-14). What is the highest common divisor of d and 45?
15
Suppose 0*a - a = -6. Suppose -5*w = 4*b - 38, -5*w + 2*b + 9 + 17 = 0. Suppose 0*h = -3*h + w. What is the highest common divisor of a and h?
2
Let k be 1*(1 + 0) - -12. Let x = k + -1. Calculate the highest common factor of 120 and x.
12
Let m(g) = -g + 2. Let r be m(-6). Let u be ((-11)/(-2))/(4/r). Suppose -2*b + 66 = b. What is the greatest common divisor of b and u?
11
Suppose r = -3*c + 111, -4*r + 3*c - 4*c + 389 = 0. What is the highest common factor of 8 and r?
8
Suppose -5*j + 354 = -4*d, -4*j + 68 = -3*j + 2*d. Calculate the highest common divisor of 28 and j.
14
Let c(d) = -d**2 - d + 5. Let k be c(-3). Let a(w) = 11*w**2 + w. Let s be a(k). What is the greatest common factor of s and 70?
10
Let n = 18 - 13. Let v(z) = 2*z**3 - 8*z**2 + 7*z - 1. Let o be v(n). Suppose -5 = -x + 7. Calculate the highest common factor of o and x.
12
Let m = 91 + -26. What is the greatest common factor of m and 5?
5
Suppose 2 + 14 = 4*b. Calculate the greatest common factor of 12 and b.
4
Let h be ((-6)/(-8))/(9/36). Let n be 0 - 1 - (-1015 + h). Suppose 309 = 5*b - n. Calculate the highest common divisor of 24 and b.
24
Let b be 3/(-6) - 163/(-2). Suppose 0 = -r - 0*m - m + 21, 4*r + 5*m - b = 0. What is the greatest common factor of 12 and r?
12
Suppose 24*v - 78 = 18*v. What is the greatest common divisor of v and 130?
13
Suppose -3*h = -1 - 26. Calculate the greatest common divisor of h and 99.
9
Suppose 5*m - 3*p = 25, -m - 3*m - 3*p - 7 = 0. Let u be 0/m + (29 - -1). What is the greatest common factor of 12 and u?
6
Let p(a) = -a**2 + 5*a - 1. Let u be p(4). Suppose -2*c + 60 = -f, 0 = -c + f + u*f + 30. Calculate the highest common divisor of 6 and c.
6
Let x be (-36)/(-3)*(-7 + 8). What is the greatest common divisor of 36 and x?
12
Let s(g) = g**3 - g**2 + 3*g - 1. Let i be s(3). Suppose -3*u = 2*u + 3*k + 447, u = -k - 91. Let f = u + 126. What is the highest common divisor of i and f?
13
Suppose x - 20 = 4*v, -24 = -x + 2*v + 3*v. Calculate the highest common divisor of 28 and x.
4
Let o(r) = 2*r**3 - 13*r**2 - 8*r + 5. Let n be o(8). Calculate the highest common divisor of 19 and n.
19
Let t be (-24)/(-10) - (-2)/(-5). Let j be (2 - 3/3)/(-1). Let g be (-5 - j)/(t/(-5)). What is the highest common factor of g and 80?
10
Let j be 1*2 + -1 + 3. Let o(v) = 2*v**2 - v. Let u be o(1). What is the highest common divisor of u and j?
1
Suppose 5 = -v - 4*j + 3, 5*j - 50 = -5*v. What is the greatest common divisor of 182 and v?
14
Let l be 10/(-3)*15/(-2). Suppose -486 - 564 = -